*2 - 8*o + 4. Give w(l).
-8
Let b(h) = 4*h + 1. Let g be (-1)/(2/4*-1). Let f(p) = -10. Let w(v) = -v - 29. Let x(i) = g*w(i) - 7*f(i). Let z be x(7). Give b(z).
-7
Let q be (-48)/(-5) + (-6)/(-15). Let f be q*(-4)/(-16)*-2. Let i(k) be the second derivative of k**4/12 + 2*k**3/3 + k**2/2 + 8*k. Give i(f).
6
Let t(k) = k**3 + 11*k**2 - 16. Let q(v) = -6*v**3 - 55*v**2 + v + 80. Let z(s) = 2*q(s) + 11*t(s). Determine z(11).
6
Let a(f) be the second derivative of -f**5/20 + 7*f**4/6 - 31*f**3/6 - 8*f**2 - 20*f. Let u be a(11). Let i(v) = -v**3 + 7*v**2 - 5*v - 8. Calculate i(u).
-2
Let j(p) = -4*p**2 - p - 1. Let b be 2 - (-2 + 3)/((-7)/(-21)). Calculate j(b).
-4
Let m(g) = -g**2 + 11*g - 14. Let p be (10/(-6))/(105/(-378)). Determine m(p).
16
Let g(w) = -5593 - w**2 - w - 3*w + 5596. Give g(-3).
6
Let g(f) = 2*f + 19. Let r be g(-10). Let p(n) = 1 - 2 + 18*n - 16*n. Determine p(r).
-3
Let p = -15 - -22. Let q(a) = -a**3 - 7*a**2 - 9*a + 10. Let h(b) = -b**3 - 4*b**2 - 9*b + 10. Let n(u) = 5*h(u) - 4*q(u). Determine n(p).
-4
Suppose -2*t = -4*t + 8. Let r be (-3 - 14/t) + (-2)/(-4). Let o(u) = -u**2 - 7*u - 4. Calculate o(r).
2
Let h be (-1)/(0 + 3/(-21)). Suppose h*w + 10 = -4. Let u(q) = -q**2 - q + 1. Calculate u(w).
-1
Let m(x) = x**3 + 8*x**2 - 8*x + 4. Suppose -10*j + 14*j + 29 = -p, 5*j = 4*p + 11. Give m(p).
-5
Suppose 0 = 4*r - 0 - 8. Let v(y) = r*y + 1 - 3 - 4. Determine v(4).
2
Let h(i) = 5*i + 25. Let k(z) = z + 1. Let n(a) = -1. Let p(r) = k(r) - 5*n(r). Let m(w) = -2*h(w) + 9*p(w). Let t = 16 - 12. What is m(t)?
0
Let g(o) = -89*o - 3*o**2 - 5 + 84*o + 12 + 2*o**2. Suppose 2*z + 3 = 7. Suppose z*h = -3*h - 30. Determine g(h).
1
Let p(a) = -a**2 - 4*a + 2. Let u be p(-4). Suppose u*g - 10 = 5*g + 2*j, -20 = 4*g + 4*j. Let l(n) = n**3 + n**2 + n + 8. Give l(g).
8
Let p(b) = b. Let y = -5 + -9. Let x be ((-32)/y + -2)/((-4)/(-56)). Determine p(x).
4
Let h(n) = 2*n - 1. Let o(q) = q**3 + 21*q**2 - 24*q - 41. Let r be (-121)/(-22)*-4*1. Let i be o(r). Give h(i).
5
Let f(p) be the second derivative of p**3 - 3*p. Let k be (0 + -3)*1 - -4. Let r be k + (0/1)/(-1). What is f(r)?
6
Let c(i) = -4*i - 15. Suppose 5*p = 24*q - 23*q + 24, 5*p = -5*q. Give c(q).
1
Let i(c) = -c - 9. Let r be i(-7). Let k(g) = -g**2 - 38*g + 17*g + 2 + 19*g. What is k(r)?
2
Let u be 0 - 3 - -1 - 33/(-3). Suppose -f - 4*c + 26 = 0, 11 = 4*c - u. Let w(l) = l - 2. What is w(f)?
4
Suppose -2*d - 5 + 1 = 0. Let p(g) = -4*g**2 + 11. Let n(v) = 7*v**2 - 19. Let u(s) = -3*n(s) - 5*p(s). Determine u(d).
-2
Let l(f) be the second derivative of f**3/6 - 9*f**2/2 + 2*f + 17. Give l(7).
-2
Let f(p) = -4*p**2 + 5*p + 10. Let c(r) = -r**2 + 3*r + 1. Let h(q) = 3*c(q) - f(q). Determine h(-6).
5
Let z = -13 + 16. Suppose 10*a + 7 = z*a. Let j(n) = -7*n**2 + 1. Let k be j(a). Let o(d) = -d**2 - 6*d - 1. Determine o(k).
-1
Let z(u) = 7*u - 3. Let i(y) = 2*y**2 + y - 1. Suppose -6 = 5*s - 11. Let m be i(s). Give z(m).
11
Let k be 3 - 2 - (-11 - (-7 + 3)). Let y(o) = o**3 - 8*o**2 + o - 4. Calculate y(k).
4
Suppose 0 = -10*l + 152 - 132. Let i(z) be the second derivative of z + 0 + 3/2*z**l + 1/6*z**3. What is i(3)?
6
Let t be ((2 - 3)/(2/(-2)))/(-1). Let v(z) = z**3 + z. Let j(u) = -3*u**3 - 5*u**2 - 4*u - 2. Let f(h) = t*j(h) - 4*v(h). Calculate f(4).
18
Let f(h) = -7*h**3 - 3*h - 7. Let u(n) = -11*n**3 - 4*n - 10. Let r(k) = 7*f(k) - 5*u(k). Let x be (-24)/16*(-8)/6. Suppose -3 = -i - x. Give r(i).
6
Let f(n) be the first derivative of n**4/24 - n**3/2 - n**2/2 - 31*n + 42. Let i(r) be the second derivative of f(r). Calculate i(4).
1
Let l(j) = j**3 - j**2 - 9*j + 1. Let p(z) = z**3 - 8*z + 1. Let v(t) = 3*l(t) - 4*p(t). Suppose -5*y - 4*d - 16 = 0, -y + 0*d - 8 = -4*d. What is v(y)?
-5
Let c be (-2)/4 - (-13)/(-2). Let q be 4 - 5 - -5 - 2. Let n(x) = 8*x + 1 - 33*x**2 + 2 - q + 34*x**2. What is n(c)?
-6
Let j(a) = -a**3 + a**2 - a - 31. Suppose 536*m = 543*m. Calculate j(m).
-31
Let b = -170 + 166. Let q(z) = -z**2 - 4*z + 4. Give q(b).
4
Suppose -4*z - 2 = 2*q, 3*q - z + 6*z + 7 = 0. Let n = q + 11. Let y be (-77)/28 - n/8. Let k(v) = v**2 + v - 3. Calculate k(y).
3
Let t(o) be the second derivative of o**5/20 + 5*o**4/12 + o**3/2 - o**2/2 - 52*o. Determine t(-4).
3
Let a(y) = 0 + 0 - 8 - y - 4 - 5*y. Give a(-3).
6
Let z = -21 + 23. Let a(o) = -5*o + 3*o + 1 + 168*o**3 + o**z - 169*o**3. Let g(m) = m - 2. Let q be g(4). Calculate a(q).
-7
Let t(q) = q - 7. Let d(i) = -4*i - 18. Let w(l) = -d(l) + t(l). What is w(-4)?
-9
Let s(w) = 7*w**2 + 6*w + 17. Let h(q) = 20*q**2 + 17*q + 49. Let t(g) = 6*h(g) - 17*s(g). Determine t(5).
30
Let v = -1010 + 1006. Let m be 3 + (1 + 0)/(-1). Let b(o) = 0*o**2 - 7 + 2 - 6*o - o**m. Calculate b(v).
3
Let j(k) = -k**3 + 5*k**2 - 3*k - 3. Suppose 2*t - 5*a = 1 - 13, -4*t - 52 = 4*a. Let u be ((-11)/t)/((-1)/(-3)). Give j(u).
6
Let o(z) = 2*z**3 + 2*z**2 + z. Let w = 23 - 14. Let q = 16 + -26. Let n = q + w. Give o(n).
-1
Let p(y) = -y**3 - 3*y**2 + 10*y + 8. Suppose 0 = -5*o - 25, 49*c - 44*c = -o - 35. Give p(c).
56
Let d be (-1)/(2/(-62)) - (1 + -5). Let a(g) = 75 - g - d - 28. Determine a(9).
3
Let x(y) be the third derivative of -7*y**4/24 + 24*y**2. Calculate x(-1).
7
Let a(w) = -10*w - 2. Let c be 6/4 - 252/72. Determine a(c).
18
Let y(k) be the third derivative of -k**5/60 + 5*k**4/24 + k**3/2 - 12*k**2 - 2. Determine y(4).
7
Let g(n) be the second derivative of -n**5/20 + n**4/12 - n**3/6 - 3*n**2/2 - 5*n. Let b(j) = -j**2 + 12*j - 11. Let a be b(11). Determine g(a).
-3
Let c(d) = -d**3 - 4*d**2 - 5*d - 3. Let m be (-2*1)/((-6)/(-9)). Let r be c(m). Suppose -t = -r*t - 10. Let k(u) = -u**2 - 6*u - 4. Determine k(t).
1
Let a(r) = -r - 5. Suppose -4*v + c - 14 = 0, 3*v + 42 - 36 = 3*c. Give a(v).
-1
Let j(s) = -11*s**3 - 3*s**2 - 4*s + 1. Let q(p) = -p**3 - p**2 - p + 1. Let r(v) = j(v) - 2*q(v). Let h(m) = -27*m - 136. Let o be h(-5). Determine r(o).
9
Let o(h) = -6*h + 1. Suppose 114 = -5*p + q - 0*q, -p - 2 = 5*q. Let m be (-9 + 7)/(-12) - p/12. Determine o(m).
-11
Let f(x) = -x**2 - 8*x - 4. Suppose -47*n + 38*n - 63 = 0. Determine f(n).
3
Let b(j) be the first derivative of j**4/4 + 8*j**3/3 - 5*j**2 - 16*j + 8. Let w be b(-9). Let u(m) = m**3 + 6*m**2 - 6*m + 2. Calculate u(w).
-5
Let b(c) be the third derivative of -4*c**2 + 0 + 1/24*c**4 + 1/6*c**3 - 1/15*c**5 + 0*c. Give b(2).
-13
Let i(a) = -5*a + 15 - 4 + 6*a - 3*a - a. Give i(2).
5
Let h(w) = -5*w**2 - w + 1. Let u(g) = g + 17. Let o be u(-12). Suppose 4*t + v = 5*t - 4, -t = 2*v + o. Give h(t).
-5
Let h(s) = 2*s - 5. Let u be h(8). Let a = u - 2. Let y = 5 - a. Let f(v) = -v**2 - 7*v + 2. Determine f(y).
14
Let l(p) = -1 + 3 - 11*p + 9*p. Let q = 21 + -24. Determine l(q).
8
Suppose -5 = h + q, -23*q + 25*q = -10. Let a(c) = c**3 + c**2 - c - 4. Determine a(h).
-4
Suppose -23*u - 36 = -28*u - g, -u - 4*g = -11. Let k(q) = 2*q - 4. Calculate k(u).
10
Let c(y) = -83*y + 332. Let s be c(4). Let p(d) = 3*d - 4*d + 0*d + 16. Calculate p(s).
16
Let w(o) = 5*o**3 + 5*o**2 - 6*o + 2. Let b(p) = -4*p**3 - 4*p**2 + 5*p - 2. Let n(i) = -4*b(i) - 3*w(i). Let y = -97 + 57. Let m = 42 + y. Give n(m).
10
Suppose 7 + 43 = 5*c. Let l = 11 - c. Let g(j) = -j + 1. Let w(p) = -6*p + 8. Let u(z) = l*w(z) - 5*g(z). Give u(4).
-1
Let w(b) be the second derivative of 5/2*b**2 + 2*b - 1/6*b**3 - 1/12*b**4 + 0. Suppose 5*h = 4*i - 5 + 31, -5*h + 22 = -3*i. Give w(i).
-7
Let z(p) be the first derivative of -p**2/2 + 10*p + 85. Suppose 0 = -4*h + 5*c + 35, h - 3*h - 4*c = 2. Determine z(h).
5
Let c(o) = -78*o**2 + o. Let r = -3115 - -3116. Determine c(r).
-77
Let z(j) = -j**2 - 5*j - 1. Let r be 9/4*(-3 + 1/(-1)). Let i(g) = -g**3 - 10*g**2 - 10*g - 14. Let x be i(r). Calculate z(x).
-1
Let w(o) be the first derivative of 3*o**2 - o + 10. Let u be 3*(-2 + -2*7/(-6)). What is w(u)?
5
Let f(r) be the third derivative of -r**5/20 - r**4/24 + 70*r**2. Let m be -4*4/(-9) - 2/(-9). Give f(m).
-14
Suppose 0 = 7*y - 35 - 35. Suppose -5*u + y + 15 = 0. Let j(v) = -v**2 + 3*v + 7. Give j(u).
-3
Let q(k) = k**2 - 2*k - 9. Let j(o) = -2*o**3 - 9*o**2 - 4*o - 2. Let b be j(-4). What is q(b)?
-1
Let h(n) be the second derivative of n**3/6 - n**2/2 + 29*n. Suppose 0 = d + 5*a + 9, 2*d = 4*d - 2*a - 18. Give h(d).
5
L